{"id":20847,"date":"2024-12-28T22:56:49","date_gmt":"2024-12-28T22:56:49","guid":{"rendered":"https:\/\/effafood.com\/product\/dessert-nuesse-im-honigmantel\/"},"modified":"2025-01-19T10:51:37","modified_gmt":"2025-01-19T10:51:37","slug":"dessert-nuesse-im-honigmantel","status":"publish","type":"product","link":"https:\/\/effafood.com\/de\/product\/dessert-nuesse-im-honigmantel\/","title":{"rendered":"Dessert N\u00fcsse im Honigmantel"},"content":{"rendered":"","protected":false},"excerpt":{"rendered":"<div class=\"flex-shrink-0 flex flex-col relative items-end\">\n<div>\n<div class=\"pt-0\">\n<div class=\"gizmo-bot-avatar flex h-8 w-8 items-center justify-center overflow-hidden rounded-full\">\n<div class=\"relative p-1 rounded-sm flex items-center justify-center bg-token-main-surface-primary text-token-text-primary h-8 w-8\">MIT HONIG \u00dcBERZOGENES NUSSDESSERT<\/div>\n<\/div>\n<\/div>\n<\/div>\n<\/div>\n<div class=\"group\/conversation-turn relative flex w-full min-w-0 flex-col agent-turn\">\n<div class=\"flex-col gap-1 md:gap-3\">\n<div class=\"flex max-w-full flex-col flex-grow\">\n<div class=\"min-h-8 text-message flex w-full flex-col items-end gap-2 whitespace-normal break-words text-start [.text-message+&amp;]:mt-5\" dir=\"auto\" data-message-author-role=\"assistant\" data-message-id=\"026a773e-5366-4fa0-8240-c51610ec2dd6\" data-message-model-slug=\"gpt-4o-mini\">\n<div class=\"flex w-full flex-col gap-1 empty:hidden first:pt-[3px]\">\n<div class=\"markdown prose w-full break-words dark:prose-invert light\">\n<p>In der T\u00fcrkischen Kultur ist das Essen ein Ausdruck von Gastfreundschaft, Tradition und Feierlichkeiten \u2013 und unser mit Honig \u00fcberzogenes Nussdessert ist da keine Ausnahme. Aus hochwertigen N\u00fcssen und purem Honig hergestellt, symbolisiert dieses Dessert \u00dcberfluss, W\u00e4rme und Gl\u00fcck.<\/p>\n<p>Es wird traditionell bei festlichen Anl\u00e4ssen, Familientreffen und religi\u00f6sen Feiern serviert und hat einen besonderen Platz in der t\u00fcrkischen Kulinarik.<\/p>\n<\/div>\n<\/div>\n<\/div>\n<\/div>\n<\/div>\n<\/div>\n","protected":false},"featured_media":20670,"template":"","meta":[],"product_brand":[2908],"product_cat":[440],"product_tag":[],"class_list":{"0":"post-20847","1":"product","2":"type-product","3":"status-publish","4":"has-post-thumbnail","6":"product_brand-sekeroglu-de","7":"product_cat-sonstiges","8":"pa_barcode-8695820007227-de","9":"pa_brand-sekeroglu-de","10":"pa_inbox-12-de","11":"pa_pallet-100-de","12":"pa_shelf-life-24-monat","13":"pa_weight-2-420-gr-de","15":"first","16":"instock","17":"shipping-taxable","18":"product-type-simple"},"_links":{"self":[{"href":"https:\/\/effafood.com\/de\/wp-json\/wp\/v2\/product\/20847","targetHints":{"allow":["GET"]}}],"collection":[{"href":"https:\/\/effafood.com\/de\/wp-json\/wp\/v2\/product"}],"about":[{"href":"https:\/\/effafood.com\/de\/wp-json\/wp\/v2\/types\/product"}],"version-history":[{"count":2,"href":"https:\/\/effafood.com\/de\/wp-json\/wp\/v2\/product\/20847\/revisions"}],"predecessor-version":[{"id":21971,"href":"https:\/\/effafood.com\/de\/wp-json\/wp\/v2\/product\/20847\/revisions\/21971"}],"wp:featuredmedia":[{"embeddable":true,"href":"https:\/\/effafood.com\/de\/wp-json\/wp\/v2\/media\/20670"}],"wp:attachment":[{"href":"https:\/\/effafood.com\/de\/wp-json\/wp\/v2\/media?parent=20847"}],"wp:term":[{"taxonomy":"product_brand","embeddable":true,"href":"https:\/\/effafood.com\/de\/wp-json\/wp\/v2\/product_brand?post=20847"},{"taxonomy":"product_cat","embeddable":true,"href":"https:\/\/effafood.com\/de\/wp-json\/wp\/v2\/product_cat?post=20847"},{"taxonomy":"product_tag","embeddable":true,"href":"https:\/\/effafood.com\/de\/wp-json\/wp\/v2\/product_tag?post=20847"}],"curies":[{"name":"wp","href":"https:\/\/api.w.org\/{rel}","templated":true}]}}

Dessert Nüsse im Honigmantel

<div class="flex-shrink-0 flex flex-col relative items-end">
<div>
<div class="pt-0">
<div class="gizmo-bot-avatar flex h-8 w-8 items-center justify-center overflow-hidden rounded-full">
<div class="relative p-1 rounded-sm flex items-center justify-center bg-token-main-surface-primary text-token-text-primary h-8 w-8">MIT HONIG ÜBERZOGENES NUSSDESSERT</div>
</div>
</div>
</div>
</div>
<div class="group/conversation-turn relative flex w-full min-w-0 flex-col agent-turn">
<div class="flex-col gap-1 md:gap-3">
<div class="flex max-w-full flex-col flex-grow">
<div class="min-h-8 text-message flex w-full flex-col items-end gap-2 whitespace-normal break-words text-start [.text-message+&amp;]:mt-5" dir="auto" data-message-author-role="assistant" data-message-id="026a773e-5366-4fa0-8240-c51610ec2dd6" data-message-model-slug="gpt-4o-mini">
<div class="flex w-full flex-col gap-1 empty:hidden first:pt-[3px]">
<div class="markdown prose w-full break-words dark:prose-invert light">
<p>In der Türkischen Kultur ist das Essen ein Ausdruck von Gastfreundschaft, Tradition und Feierlichkeiten – und unser mit Honig überzogenes Nussdessert ist da keine Ausnahme. Aus hochwertigen Nüssen und purem Honig hergestellt, symbolisiert dieses Dessert Überfluss, Wärme und Glück.</p>
<p>Es wird traditionell bei festlichen Anlässen, Familientreffen und religiösen Feiern serviert und hat einen besonderen Platz in der türkischen Kulinarik.</p>
</div>
</div>
</div>
</div>
</div>
</div>
