{"id":20360,"date":"2024-10-23T14:11:18","date_gmt":"2024-10-23T14:11:18","guid":{"rendered":"https:\/\/effafood.com\/impressum\/"},"modified":"2025-02-19T16:29:51","modified_gmt":"2025-02-19T16:29:51","slug":"impressum","status":"publish","type":"page","link":"https:\/\/effafood.com\/de\/impressum\/","title":{"rendered":"Impressum"},"content":{"rendered":"\t\t<div data-elementor-type=\"wp-page\" data-elementor-id=\"20360\" class=\"elementor elementor-20360 elementor-19439\">\n\t\t\t\t\t\t<section class=\"elementor-section elementor-top-section elementor-element elementor-element-6c42715 elementor-section-boxed elementor-section-height-default elementor-section-height-default\" data-id=\"6c42715\" data-element_type=\"section\">\n\t\t\t\t\t\t<div class=\"elementor-container elementor-column-gap-default\">\n\t\t\t\t\t<div class=\"elementor-column elementor-col-100 elementor-top-column elementor-element elementor-element-1decd3bd\" data-id=\"1decd3bd\" data-element_type=\"column\">\n\t\t\t<div class=\"elementor-widget-wrap elementor-element-populated\">\n\t\t\t\t\t\t<div class=\"elementor-element elementor-element-7bf0a62a wd-width-100 elementor-widget elementor-widget-wd_title\" data-id=\"7bf0a62a\" data-element_type=\"widget\" data-widget_type=\"wd_title.default\">\n\t\t\t\t<div class=\"elementor-widget-container\">\n\t\t\t\t\t\t\t<div class=\"title-wrapper wd-set-mb reset-last-child wd-title-color-primary wd-title-style-simple wd-title-size-extra-large text-left\">\n\n\t\t\t\n\t\t\t<div class=\"liner-continer\">\n\t\t\t\t<h4 class=\"woodmart-title-container title wd-fontsize-xxxl\">Impressum<\/h4> \n\t\t\t\t\t\t\t<\/div>\n\n\t\t\t\t\t<\/div>\n\t\t\t\t\t\t<\/div>\n\t\t\t\t<\/div>\n\t\t\t\t<div class=\"elementor-element elementor-element-35ec683f color-scheme-inherit text-left elementor-widget elementor-widget-text-editor\" data-id=\"35ec683f\" data-element_type=\"widget\" data-widget_type=\"text-editor.default\">\n\t\t\t\t<div class=\"elementor-widget-container\">\n\t\t\t\t\t\t\t\t\t<p><strong>Effa Food GmbH<\/strong><br \/>Am Holzhafen 12<br \/>D-28217 Bremen<br \/>Deutschland<\/p>\n<p><strong>Vertreten durch:<\/strong><br \/>Fatih Oezdemir<\/p>\n<p><strong>Registergericht:<\/strong><br \/>Amtsgericht Bremen <br \/>Handelsregisternummer: HRB 36753<\/p>\n<p><strong>USt-IdNr.:<\/strong><br \/>HRB36753HB<\/p>\n<p><strong>Kontakt:<\/strong><br \/>Telefon: <a href=\"tel:+49-172-8521910\">+49 172 8521910<\/a><br \/>E-Mail: <a href=\"mailto:sales@effafood.de\">sales@effafood.de<\/a> <br \/>Website: <a href=\"http:\/\/www.effafood.com\">www.effafood.com<\/a><\/p>\n<p><strong>Verantwortlich f\u00fcr den Inhalt gem\u00e4\u00df \u00a7 55 RStV:<\/strong><br \/>Fatih Oezdemir<\/p>\n\t\t\t\t\t\t\t\t<\/div>\n\t\t\t\t<\/div>\n\t\t\t\t<section class=\"wd-negative-gap elementor-section elementor-inner-section elementor-element elementor-element-15dc7f50 elementor-section-content-middle elementor-section-boxed elementor-section-height-default elementor-section-height-default\" data-id=\"15dc7f50\" data-element_type=\"section\">\n\t\t\t\t\t\t<div class=\"elementor-container elementor-column-gap-default\">\n\t\t\t\t\t<div class=\"elementor-column elementor-col-100 elementor-inner-column elementor-element elementor-element-5245c1eb\" data-id=\"5245c1eb\" data-element_type=\"column\">\n\t\t\t<div class=\"elementor-widget-wrap elementor-element-populated\">\n\t\t\t\t\t\t<div class=\"elementor-element elementor-element-7a0c3f7f elementor-widget__width-auto elementor-widget elementor-widget-wd_text_block\" data-id=\"7a0c3f7f\" data-element_type=\"widget\" data-widget_type=\"wd_text_block.default\">\n\t\t\t\t<div class=\"elementor-widget-container\">\n\t\t\t\t\t\t\t<div class=\"wd-text-block reset-last-child text-left\">\n\t\t\t\n\t\t\t\n\t\t\t\t\t<\/div>\n\t\t\t\t\t\t<\/div>\n\t\t\t\t<\/div>\n\t\t\t\t<div class=\"elementor-element elementor-element-7c590146 elementor-widget__width-auto elementor-widget elementor-widget-wd_social_buttons\" data-id=\"7c590146\" data-element_type=\"widget\" data-widget_type=\"wd_social_buttons.default\">\n\t\t\t\t<div class=\"elementor-widget-container\">\n\t\t\t\t\t\t\t\t<div\n\t\t\t\t\t\tclass=\" wd-social-icons wd-style-bordered wd-size-small social-follow wd-shape-circle color-scheme-dark text-right\">\n\t\t\t\t\n\t\t\t\t\n\t\t\t\t\n\t\t\t\t\n\t\t\t\t\n\t\t\t\t\n\t\t\t\t\t\t\t\t\t<a rel=\"noopener noreferrer nofollow\" href=\"https:\/\/www.instagram.com\/effafood\/\" target=\"_blank\" class=\" wd-social-icon social-instagram\" aria-label=\"Instagram social link\">\n\t\t\t\t\t\t<span class=\"wd-icon\"><\/span>\n\t\t\t\t\t\t\t\t\t\t\t<\/a>\n\t\t\t\t\n\t\t\t\t\n\t\t\t\t\n\t\t\t\t\n\t\t\t\t\n\t\t\t\t\t\t\t\t\t<a rel=\"noopener noreferrer nofollow\" href=\"https:\/\/linkedin.com\/company\/effa-food-gmbh\" target=\"_blank\" class=\" wd-social-icon social-linkedin\" aria-label=\"Linkedin social link\">\n\t\t\t\t\t\t<span class=\"wd-icon\"><\/span>\n\t\t\t\t\t\t\t\t\t\t\t<\/a>\n\t\t\t\t\n\t\t\t\t\n\t\t\t\t\n\t\t\t\t\n\t\t\t\t\n\t\t\t\t\n\t\t\t\t\n\t\t\t\t\n\t\t\t\t\n\t\t\t\t\t\t\t\t\t<a rel=\"noopener noreferrer nofollow\" href=\"https:\/\/wa.me\/491728521910\" target=\"_blank\" class=\"wd-hide-md  wd-social-icon social-whatsapp\" aria-label=\"WhatsApp social link\">\n\t\t\t\t\t\t<span class=\"wd-icon\"><\/span>\n\t\t\t\t\t\t\t\t\t\t\t<\/a>\n\n\t\t\t\t\t<a rel=\"noopener noreferrer nofollow\" href=\"https:\/\/wa.me\/491728521910\" target=\"_blank\" class=\"wd-hide-lg  wd-social-icon social-whatsapp\" aria-label=\"WhatsApp social link\">\n\t\t\t\t\t\t<span class=\"wd-icon\"><\/span>\n\t\t\t\t\t\t\t\t\t\t\t<\/a>\n\t\t\t\t\n\t\t\t\t\n\t\t\t\t\n\t\t\t\t\n\t\t\t\t\n\t\t\t\t\n\t\t\t\t\n\t\t\t\t\n\t\t\t<\/div>\n\n\t\t\t\t\t\t<\/div>\n\t\t\t\t<\/div>\n\t\t\t\t\t<\/div>\n\t\t<\/div>\n\t\t\t\t\t<\/div>\n\t\t<\/section>\n\t\t\t\t\t<\/div>\n\t\t<\/div>\n\t\t\t\t\t<\/div>\n\t\t<\/section>\n\t\t\t\t<\/div>\n\t\t","protected":false},"excerpt":{"rendered":"<p>Impressum Effa Food GmbHAm Holzhafen 12D-28217 BremenDeutschland Vertreten durch:Fatih Oezdemir Registergericht:Amtsgericht Bremen Handelsregisternummer: HRB 36753 USt-IdNr.:HRB36753HB Kontakt:Telefon: +49 172 8521910E-Mail:<\/p>\n","protected":false},"author":1,"featured_media":0,"parent":0,"menu_order":0,"comment_status":"closed","ping_status":"closed","template":"","meta":{"footnotes":""},"class_list":["post-20360","page","type-page","status-publish","hentry"],"_links":{"self":[{"href":"https:\/\/effafood.com\/de\/wp-json\/wp\/v2\/pages\/20360","targetHints":{"allow":["GET"]}}],"collection":[{"href":"https:\/\/effafood.com\/de\/wp-json\/wp\/v2\/pages"}],"about":[{"href":"https:\/\/effafood.com\/de\/wp-json\/wp\/v2\/types\/page"}],"author":[{"embeddable":true,"href":"https:\/\/effafood.com\/de\/wp-json\/wp\/v2\/users\/1"}],"replies":[{"embeddable":true,"href":"https:\/\/effafood.com\/de\/wp-json\/wp\/v2\/comments?post=20360"}],"version-history":[{"count":2,"href":"https:\/\/effafood.com\/de\/wp-json\/wp\/v2\/pages\/20360\/revisions"}],"predecessor-version":[{"id":24248,"href":"https:\/\/effafood.com\/de\/wp-json\/wp\/v2\/pages\/20360\/revisions\/24248"}],"wp:attachment":[{"href":"https:\/\/effafood.com\/de\/wp-json\/wp\/v2\/media?parent=20360"}],"curies":[{"name":"wp","href":"https:\/\/api.w.org\/{rel}","templated":true}]}}

<div data-elementor-type="wp-page" data-elementor-id="20360" class="elementor elementor-20360 elementor-19439">
						<section class="elementor-section elementor-top-section elementor-element elementor-element-6c42715 elementor-section-boxed elementor-section-height-default elementor-section-height-default" data-id="6c42715" data-element_type="section">
						<div class="elementor-container elementor-column-gap-default">
					<div class="elementor-column elementor-col-100 elementor-top-column elementor-element elementor-element-1decd3bd" data-id="1decd3bd" data-element_type="column">
			<div class="elementor-widget-wrap elementor-element-populated">
						<div class="elementor-element elementor-element-7bf0a62a wd-width-100 elementor-widget elementor-widget-wd_title" data-id="7bf0a62a" data-element_type="widget" data-widget_type="wd_title.default">
				<div class="elementor-widget-container">
							<div class="title-wrapper wd-set-mb reset-last-child wd-title-color-primary wd-title-style-simple wd-title-size-extra-large text-left">

			
			<div class="liner-continer">
				<h4 class="woodmart-title-container title wd-fontsize-xxxl">Impressum</h4> 
							</div>

					</div>
						</div>
				</div>
				<div class="elementor-element elementor-element-35ec683f color-scheme-inherit text-left elementor-widget elementor-widget-text-editor" data-id="35ec683f" data-element_type="widget" data-widget_type="text-editor.default">
				<div class="elementor-widget-container">
									<p><strong>Effa Food GmbH</strong><br />Am Holzhafen 12<br />D-28217 Bremen<br />Deutschland</p>
<p><strong>Vertreten durch:</strong><br />Fatih Oezdemir</p>
<p><strong>Registergericht:</strong><br />Amtsgericht Bremen <br />Handelsregisternummer: HRB 36753</p>
<p><strong>USt-IdNr.:</strong><br />HRB36753HB</p>
<p><strong>Kontakt:</strong><br />Telefon: <a href="tel:+49-172-8521910">+49 172 8521910</a><br />E-Mail: <a href="mailto:sales@effafood.de">sales@effafood.de</a> <br />Website: <a href="http://www.effafood.com">www.effafood.com</a></p>
<p><strong>Verantwortlich für den Inhalt gemäß § 55 RStV:</strong><br />Fatih Oezdemir</p>
								</div>
				</div>
				<section class="wd-negative-gap elementor-section elementor-inner-section elementor-element elementor-element-15dc7f50 elementor-section-content-middle elementor-section-boxed elementor-section-height-default elementor-section-height-default" data-id="15dc7f50" data-element_type="section">
						<div class="elementor-container elementor-column-gap-default">
					<div class="elementor-column elementor-col-100 elementor-inner-column elementor-element elementor-element-5245c1eb" data-id="5245c1eb" data-element_type="column">
			<div class="elementor-widget-wrap elementor-element-populated">
						<div class="elementor-element elementor-element-7a0c3f7f elementor-widget__width-auto elementor-widget elementor-widget-wd_text_block" data-id="7a0c3f7f" data-element_type="widget" data-widget_type="wd_text_block.default">
				<div class="elementor-widget-container">
							<div class="wd-text-block reset-last-child text-left">
			
			
					</div>
						</div>
				</div>
				<div class="elementor-element elementor-element-7c590146 elementor-widget__width-auto elementor-widget elementor-widget-wd_social_buttons" data-id="7c590146" data-element_type="widget" data-widget_type="wd_social_buttons.default">
				<div class="elementor-widget-container">
								<div
						class=" wd-social-icons wd-style-bordered wd-size-small social-follow wd-shape-circle color-scheme-dark text-right">
				
				
				
				
				
				
									<a rel="noopener noreferrer nofollow" href="https://www.instagram.com/effafood/" target="_blank" class=" wd-social-icon social-instagram" aria-label="Instagram social link">
						<span class="wd-icon"></span>
											</a>
				
				
				
				
				
									<a rel="noopener noreferrer nofollow" href="https://linkedin.com/company/effa-food-gmbh" target="_blank" class=" wd-social-icon social-linkedin" aria-label="Linkedin social link">
						<span class="wd-icon"></span>
											</a>
				
				
				
				
				
				
				
				
				
									<a rel="noopener noreferrer nofollow" href="https://wa.me/491728521910" target="_blank" class="wd-hide-md  wd-social-icon social-whatsapp" aria-label="WhatsApp social link">
						<span class="wd-icon"></span>
											</a>

					<a rel="noopener noreferrer nofollow" href="https://wa.me/491728521910" target="_blank" class="wd-hide-lg  wd-social-icon social-whatsapp" aria-label="WhatsApp social link">
						<span class="wd-icon"></span>
											</a>
				
				
				
				
				
				
				
				
			</div>

						</div>
				</div>
					</div>
		</div>
					</div>
		</section>
					</div>
		</div>
					</div>
		</section>
				</div>
